d(k) = 2*k - 2. Calculate d(v).
2
Let b(p) = 5*p**2 + 5*p + 1. Suppose -4*v + 32 - 8 = 0. Let z(c) = -6*c**2 - 5*c - 1. Let n(t) = v*z(t) + 7*b(t). What is n(5)?
1
Let h(o) be the second derivative of o**5/20 + 5*o**4/12 + 2*o**3/3 + 9*o. Give h(-4).
0
Suppose 0 = -7*m + 4*m. Suppose -3*u = -m*u - 9. Let w(t) = -7*t**3 - t**3 - 2*t + 1 + u*t. Give w(-1).
8
Let r be 18/(-4)*(1 - -1). Let u be (-3)/r + (-52)/12. Let q(f) be the first derivative of -f**4/4 - 5*f**3/3 - f**2 + 5*f + 2. Determine q(u).
-3
Let z = 1 + 1. Let m(t) = 3*t + 4 - 1 - 4 - 4*t + t**z. Calculate m(2).
1
Let d(l) = -l. Let t(w) be the first derivative of w**2/2 + 2. Suppose -4*f + c = f - 12, -c = -f + 4. Let q(b) = f*d(b) + 3*t(b). Give q(2).
2
Suppose -133 = 12*i + 7*i. Let p(o) = o**2 + 8*o + 8. Calculate p(i).
1
Let x(m) = 10*m. Suppose 4 - 3 = -z. Give x(z).
-10
Let y(n) = -3*n - 1. Suppose -39*v - 12 = -42*v. Let s be ((-2)/(-4))/1*-14. Let t = v + s. What is y(t)?
8
Let d(b) = b**3 - 3*b**2 - 2*b - 5. Suppose 5*x - 16 = -2*f - f, -5*f - 3*x = -16. Suppose f*g = 2 + 6. Calculate d(g).
3
Let i(k) = 2*k**2 - 5*k - 6. Let t(z) = -4*z**2 + 11*z + 13. Let j(l) = 9*i(l) + 4*t(l). Determine j(3).
13
Let b(y) = y**3 - 3*y**2 + 1. Suppose -s = -0*s - 3, -5*s + 9 = -2*i. What is b(i)?
1
Let l(y) be the first derivative of y**4/12 - y**3 + 3*y**2/2 + y - 4. Let s(x) be the first derivative of l(x). Calculate s(5).
-2
Let w(f) = -f**2 + 5*f + 1. Let a(q) = 6*q**2 - 2*q + 1. Let x be a(1). Let s be w(x). Let g(z) = 2*z**2 + z - 1. Give g(s).
2
Let p(q) = -15*q + 3. Let o(i) = i**3 - 13*i**2 + 12*i + 2. Let j be o(12). What is p(j)?
-27
Let m(o) = o**2 - 6*o + 1. Let g be m(7). Let q = g - 9. Let a(u) = 8*u**2 - u - 1. Calculate a(q).
8
Let s(k) be the first derivative of k**3/3 - k**2 - 3*k + 2. Calculate s(-2).
5
Let p(s) be the third derivative of -s**5/60 + s**4/24 - s**3 - 3*s**2. Give p(0).
-6
Let g(a) = 2*a - a**2 - 1 + 0*a - 2*a**2. Let f(c) = -c**2 - 6*c - 4. Let n be f(-5). Give g(n).
-2
Let m(c) = -2*c - 1. Let o(n) = n**3 - 3*n**2 - 2*n - 5. Let d be o(4). What is m(d)?
-7
Suppose -5*d = 5 + 5. Let f(l) = l**3 + 2*l**2 + l + 1. What is f(d)?
-1
Let o = -26 + 15. Let n = o - -10. Let c(g) = -6*g**2 - 1. What is c(n)?
-7
Let n be (-38)/6*1 + (-46)/(-138). Let b(d) = d**2 + 5*d + 2. What is b(n)?
8
Let f(o) be the first derivative of -o**4/4 + o**3/3 + 18*o - 6. Determine f(0).
18
Let g = -14 + 11. Let u(q) = q**3 + 3*q**2 + q + 2. What is u(g)?
-1
Let n(q) be the second derivative of -q**4/12 + 3*q**3/2 - 2*q**2 - 22*q. What is n(8)?
4
Let l(b) = -b**2 + 5*b - 4. Let v be l(4). Suppose v = 2*g - 9 + 3. Let f(o) = o**3 - 3*o**2 - 2*o - 2. Give f(g).
-8
Let b(q) = -q**3 + q**2 - q + 2. Let j = 15 + -13. Give b(j).
-4
Let q(v) be the third derivative of v**5/60 - v**4/24 + 5*v**3/6 + 10*v**2. Determine q(0).
5
Let q(j) = -j**2 + 6*j - 5. Suppose -3*a + 0*o = -5*o, 2*a = -4*o + 22. What is q(a)?
0
Let b(v) = v - 1. Let c be b(6). Suppose 4*s - 3 = c*z - 7, -20 = -5*s. Let u(w) = w**2 - 3*w + 1. Give u(z).
5
Let d(n) be the first derivative of n**6/120 - n**5/10 + 2*n**3/3 - n**2 - 4. Let t(q) be the second derivative of d(q). Give t(6).
4
Suppose -4*t = -t - 3. Let b(a) = -t - 2 + 5 - a. Suppose 2*n + 2*p = 0, 0 = -0*n + n - 5*p. Calculate b(n).
2
Let r(z) = 3 - 2 + z**2 + 20 - 1. What is r(0)?
20
Let s(c) = -10 + 2 + 2 - 2*c - 1. Give s(-6).
5
Let k(w) = -w + 1. Let l be k(-1). Let d(s) = -5*s + 1 - 3*s**l + 3*s - 3*s**2. Let b be ((-6)/(-3) - 0)/2. Give d(b).
-7
Let x be (5 - (-1 - -1))*-1. Let j(w) be the second derivative of -w**5/20 - 5*w**4/12 + 2*w**2 - 2*w. Determine j(x).
4
Let b(w) = -4*w + 1 - w**2 - 1 - 2. Let p be b(-4). Let x(c) = 2*c. What is x(p)?
-4
Let j(d) = -d**3 + 6*d**2 + 6*d + 9. Let s be j(7). Suppose 6 = -5*k + s*w, 3*w - 5 - 4 = 0. Let f(g) = k*g + 6 - g - 3. Determine f(-3).
6
Let q(a) = 3*a**2 + a**2 - 6*a**2 - 2*a**2 + 2*a**3 - 1. Calculate q(3).
17
Let g(q) = -q + 2. Let z be g(-4). Let l(y) = 0 + y**2 + 5 + 0 - y - 5*y. Give l(z).
5
Let c(s) = 4*s**3 - 2*s**2 + s + 4. Let u(d) = 5*d**3 - d**2 + 5. Let y(m) = 4*c(m) - 3*u(m). Calculate y(3).
-5
Let x = 4 + -2. Let u(l) = l**x + 4*l + 0*l**2 - 2*l**2. Determine u(4).
0
Let r(g) = -2*g + 4. Let s = -6 + 7. Let p = s + 3. Determine r(p).
-4
Let i(y) = y**2 - 3*y - 5. Let w(b) = b. Let f(x) = i(x) + 3*w(x). Suppose 4*k = 2*k. Calculate f(k).
-5
Let a be (0 - 1)/(3/(-24)). Let t = a + -4. Let j = -3 + t. Let l(g) = -3*g + 1. What is l(j)?
-2
Let j(a) = 4*a**2 + 4*a + 11. Let d(t) = -t**2 - t - 1. Let s(r) = 5*d(r) + j(r). Determine s(0).
6
Let a(o) = 2*o - 2. Let h = 53 + -47. What is a(h)?
10
Suppose -3*w = -5*w + 8. Let b(o) = o**3 - 3*o**2 - 4*o - 3. Give b(w).
-3
Let x(c) be the second derivative of 1/20*c**5 - 2/3*c**3 + 2*c**2 - 3*c - 1/4*c**4 + 0. Determine x(3).
-8
Suppose -y + 14 = 4*w, -y - 4 = -0*y - 2*w. Let h(t) = t**3 - 21 + 10*t**2 + 22 - 4*t**y + 6*t. Calculate h(-4).
9
Let v(c) = -c**3 - 5*c**2 + 8*c + 8. Suppose -5*d + p = 5*p + 18, -d = -3*p + 15. Calculate v(d).
-4
Suppose 0 = 5*t + s - 17, 4*s = 2*t - 1 - 19. Let q = t - 10. Let i(d) = d**3 + 5*d**2 - 8*d - 1. What is i(q)?
11
Let o be 2/5 - (-30)/50. Let q(c) = -8*c**2 + c - 1. Let d(u) = -17*u**2 + 2*u - 2. Let j(s) = 6*d(s) - 13*q(s). Determine j(o).
2
Let k(f) = -2*f**2 - f. Let q(o) = 2*o**2 - 6*o - 5. Let z be q(5). Let u = z - 11. Let r = u - 5. What is k(r)?
-1
Let w(t) be the third derivative of -t**5/30 + t**4/12 + t**3/2 + 2*t**2. Determine w(-2).
-9
Let v(t) = 2 - 5*t + 23*t - 1. Calculate v(1).
19
Let t(v) be the third derivative of 0 + 1/6*v**3 - v**2 + 1/12*v**4 - 1/20*v**5 + 0*v + 1/120*v**6. Let c = 5 - 3. Give t(c).
1
Let w(l) = -3*l + 1. Let q(s) = -s**2 + 1. Let m be q(0). Suppose 3*a = m + 5. Calculate w(a).
-5
Let c(k) = -k**3 - k**2 - 1. Let o(q) = -2*q**2 - 4*q + 2. Let x be 3/4 + 1/4. Let d(t) = x*o(t) - c(t). What is d(3)?
9
Let g(u) = u**3 - 7*u**2 + 7*u - u**3 + 2 + u**3. Determine g(5).
-13
Let w(g) = g - 1. Let p(j) = -7*j + 4. Let x(r) = -p(r) - 6*w(r). What is x(-3)?
-1
Let o = 79 + -77. Let b(f) be the first derivative of f**2 - f - 1. What is b(o)?
3
Let w(l) = -2*l**2 - 3*l - l**2 - 1 + 4*l**2. Let f = 10 + -6. Calculate w(f).
3
Let s(j) = j**2 + 4*j - 4. Let r(m) = m**2 + 4*m - 3. Let f(p) = 3*r(p) - 4*s(p). Calculate f(-6).
-5
Let w(s) be the first derivative of -s**2/2 + 4. Suppose -5*p - 2*a - 16 = a, -7 = 2*p + a. Give w(p).
5
Let t(c) be the first derivative of -c**5/20 + c**4/6 + c**3/3 - c**2/2 + 4*c - 4. Let m(f) be the first derivative of t(f). Determine m(2).
3
Let c(h) = -3 + h**2 + 0*h + 4 + 5*h. Give c(-3).
-5
Let u = -4 + 6. Let b(s) = -2*s - 2*s**u - 5*s + s + 4*s**2. Calculate b(4).
8
Suppose -y + 1 - 8 = 0. Suppose -4*m + 3*x = -0*x - 9, -4*m = 5*x - 49. Let s(f) = -3*f - 1. Let d(r) = -4*r - 1. Let i(n) = m*d(n) + y*s(n). What is i(-1)?
4
Let j be ((-2)/2)/(2/22). Let k = -8 - j. Let f(u) = 2*u + k*u - 6*u + 1. Calculate f(5).
-4
Let l(j) = 3*j**3 + j**2 - 2*j + 1. Suppose -9 = 5*r + 4*u + 2, 3*r = -u - 1. Determine l(r).
3
Let c(g) = g**2 + 9*g + 9. Suppose -5*k = 3*d + 29, 0*d = -d - 2*k - 10. What is c(d)?
1
Let y(d) = -d + 6. Suppose 5*h = 3*s + 10, 5*s - 2 = -5*h + 8. What is y(s)?
6
Let j(t) be the third derivative of -t**4/12 - 2*t**3/3 - t**2. Let o be 3/(99/(-6)) + 53/(-11). Give j(o).
6
Let w = -3 - -5. Let d(x) = -3*x**3 - 4*x**2 - 4*x + 1. Let r be (2/5)/(6/(-60)). Let p(c) = -c**3 - c. Let s(u) = r*p(u) + d(u). Give s(w).
-7
Let u(p) = p**3 - 3*p**2 - 6. Let j(i) = 2*i**3 - 2*i**2 + i - 6. Let q(h) = 2*j(h) - 3*u(h). Calculate q(-4).
14
Let o(n) = -2*n + 6. Let k be o(-6). Let c be (-2)/((k/(-15))/3). Let a(u) = u**2 - 3*u - 5. What is a(c)?
5
Let v(o) = o**2 - 12*o + 1. Let z = 133 + -122. What is v(z)?
-10
Suppose -4*n - 6 = -2*n. Let k(c) = -c**3 - 4*c**2 + 3. Give k(n).
-6
Let r(l) = -l**3 + 3*l**2 - 3*l. Let a be (-5 - (-1 + -2))*-1. Calculate r(a).
-2
Let v(h) = 3*h**2 + 5*h - 8. Let x(z) = -2*z**2 - 3*z + 5. Let k be 15*(20/(-12) + 2). Let d(f) = k*v(f) + 8*x(f). Give d(2).
-2
Let r = 6 - 4. Let k = r - 7. Let h(z) = -z**2 - 8*z - 7 + 0*z**2 + 2*z. Give h(k).
-2
Let h(k) = -69*k**2 + k**3 + 2 - 3 + 64*k**2 - 6*k. What is h(6)?
-1
Let k(l) be the third de